.
-12
Suppose -19*w = -24*w + 25. Let s(l) = -12 + 13*l - 13 - 11 + 35 - 7*l**2 - 11 + l**3. What is s(w)?
3
Let w(l) = -l**2 - 8*l + 28. Let r(k) = 2*k**3 - 18*k**2 - 11*k - 102. Let s be r(10). Give w(s).
-20
Let a(z) = -z**3 - 2*z**2 - 8*z - 15. Let y(l) = 595*l + 4161. Let t be y(-7). What is a(t)?
49
Let w(r) = -r + 16. Let p(g) = 27*g + 61. Let t(j) = -p(j) + 4*w(j). What is t(-2)?
65
Let o(q) = q - 1. Let i(y) = -6*y + 14 - 5*y + y + 7*y. Let v(p) = i(p) + 2*o(p). Determine v(5).
7
Let j(o) = o**2 - 6*o + 8. Let g be 6/30 - 196/(-70). Calculate j(g).
-1
Let g be -2*(-35)/10 - 5. Let y(r) = -8*r**2 - 12*r**2 - 5*r - 2 + 19*r**g. What is y(-4)?
2
Let w(q) = 9*q**2 - q - 12. Suppose -d - 4*y - 24 = 0, y + 0*y + 6 = -3*d. Calculate w(d).
-12
Let b(l) = -l**3 + 11*l**2 - 9*l. Suppose 9*g = 9*g - 26*g + 260. Calculate b(g).
10
Let t(k) = 6*k + 30. Let r(h) = -7*h - 29. Let x(u) = 5*r(u) + 6*t(u). Let j = 7756 - 7756. Determine x(j).
35
Let u be (-7)/70*2 - (-42)/10. Let k(x) = -6*x - 9*x**2 + 12*x**2 - 2 - u*x**2. Give k(-4).
6
Suppose -9 = 3*c - t, 2*c + 453*t = 460*t + 51. Let o(k) = 3*k - 6*k**2 + 13*k**2 + k**3 + 2*k. Give o(c).
6
Let i(x) = -4*x + 5*x + 3 + 6. Let w = -3 + 243. Let p = w - 247. Determine i(p).
2
Let k(d) be the third derivative of -7*d**4/12 - d**3/3 + 5*d**2 + 4*d. Determine k(-4).
54
Let n be 228/48 + (-2)/(-8). Let t(k) = k**2 - 8*k + 10. Determine t(n).
-5
Suppose 0 = -85*y + 554 - 3614. Let p(i) = -i**3 - 35*i**2 + 34*i - 82. Give p(y).
-10
Suppose 0 = 3*w - 0 - 12. Let o be (-1 + 2)*-2 - w. Let j(h) = -10*h**3 + 15*h**3 + 6*h**2 + 2*h - h + 2 - 4*h**3. Calculate j(o).
-4
Let m = -5048 + 5060. Let t(g) = g**2 - 10*g - 24. What is t(m)?
0
Let c(a) = a. Let w(n) = n**2 + 5*n - 14. Suppose 26*y - 32*y = 42. Let b be w(y). Calculate c(b).
0
Let c(x) = 2*x**3 + 68*x**2 - 65*x + 181. Let o be c(-35). Let h(f) = 12*f - 34. Determine h(o).
38
Let h(m) = -m**2 - 5*m - 5. Let a(b) = 8*b**2 + 23*b + 26. Let f(r) = 15*r**2 + 45*r + 52. Let d(y) = 11*a(y) - 6*f(y). Let z be d(-7). Give h(z).
-5
Let z(t) be the first derivative of 1/60*t**5 + 0*t**4 + 0*t + 0*t**3 - 9 - 12*t**2. Let d(w) be the second derivative of z(w). What is d(0)?
0
Let s(m) = m**2 + 21*m - 37. Let t = -42604 + 42582. Determine s(t).
-15
Let i(j) = -14*j**3 + 2*j**2 - 1. Let v(n) = n**2 + 9*n + 12. Let l be v(-8). Suppose m - 5*r = 4, -4*m - l = r + 1. What is i(m)?
15
Let y(u) = -u**3 + 19*u**2 - 10. Let p(t) = -3*t**3 - 65*t**2 + 19*t - 47. Let k be p(-22). Determine y(k).
-10
Suppose 0 = -4*v - 2*k + 12, 3 = v + 31*k - 29*k. Let j(o) = o**3 - 3*o**2 + o + 7. Calculate j(v).
10
Let n(z) = 2*z + 1. Let y(l) = l**3 + l**2 - 3*l - 5. Let k be y(-2). Let r(x) = -x - 1. Let p(q) = k*n(q) - 7*r(q). Give p(6).
10
Let m(i) = -11*i**2 - 4*i + 1. Let b be ((-128)/(-68) - 6/(-51))*(-3 + 2). Determine m(b).
-35
Let s(h) = 5*h**3 - 7*h**2 + 23*h - 32. Let y be s(8). Let t(m) = -5*m - y + 2258 + 4*m. Determine t(0).
-6
Suppose -5*q = 3*s - q + 4, 3*s + 2*q = -2. Let c = 46 + -44. Let a(j) = -35*j**2 - j - j**3 + 2 + 4 + 34*j**c. Give a(s).
6
Let g(j) = 10*j**2 + 1 + 11*j + j - 3*j - 4*j + 1. Determine g(-2).
32
Let y(w) = 6*w**3 + 10*w + 18. Let z(t) = 3 + 5 + 7*t + t**3 + 4 + 3*t**3. Let r(f) = 5*y(f) - 7*z(f). Let k(m) be the first derivative of r(m). Calculate k(1).
7
Let k be ((-123)/5 - -24)/(1/(-10)). Let d(j) = -10*j + 16. Give d(k).
-44
Let j(r) be the second derivative of r**4/12 - 5*r**3/6 - r**2/2 - 12*r. Suppose i + 2*i = 0. Suppose 34*a - 30*a - 24 = i. Give j(a).
5
Let s(v) = 14*v**2. Let t be s(0). Suppose n + 11 - 19 = t. Let r(y) = 3 - y**3 - 8*y**2 + 2*y**3 - 8. Determine r(n).
-5
Let s(k) = 3*k - k + 2*k - 3*k - 8. Let g be s(5). Let n(w) = w**2 - 2*w**2 - 2 - 2. Determine n(g).
-13
Suppose 9 = -2*z + 11, 0 = -3*y + 5*z + 301. Let g(d) = -35*d - 32*d - 1 + y*d - 37*d. What is g(-1)?
1
Let p(x) = -x - 90. Suppose -3*j - 3 = 5*h, 4*h - j - 13 = -12. Give p(h).
-90
Let o(f) = f**2 + 16*f - 192. Let h be o(-24). Suppose h = -18*u - 37 + 19. Let s(n) = -2*n**3 - 3*n**2 - 3*n - 1. Give s(u).
1
Let d(o) be the first derivative of 5*o**2/2 + 185*o - 5848. What is d(-37)?
0
Suppose -3*m = -4*d - 39, 0 = -3*d + 4*m - 13 - 25. Let l(b) = -2*b - 2. Let j(s) = -s - 1. Let z(w) = d*l(w) + 13*j(w). What is z(-2)?
1
Let t(l) = 3*l + 1. Let z(w) = -4*w - 2. Let j(f) = t(f) + z(f). Let v be 1 + -1 + -1 + 0. Calculate j(v).
0
Let t(v) be the first derivative of -v**4/4 + 4*v**3/3 - v**2/2 - 4*v + 957. Calculate t(4).
-8
Let m(k) = -16*k - 19. Let b = 6371 + -6382. Calculate m(b).
157
Suppose -4*m + 5*f + 54 = 0, 0 = 39*m - 41*m + 2*f + 28. Let g = 5 + -3. Suppose g*l - m = -2*l. Let y(w) = -w**3 + 5*w**2 - 4*w - 2. Give y(l).
-2
Let g(a) = 4*a**3 - 25*a**2 + 22*a - 80. Let c(m) = 9*m**3 - 49*m**2 + 45*m - 161. Let v(f) = -2*c(f) + 5*g(f). What is v(13)?
13
Let z(b) = 22*b - 21. Let p(c) = 34*c - 32. Let h(s) = -5*p(s) + 8*z(s). Determine h(-9).
-62
Suppose -31*r - 115 = -36*r. Let i(j) = j - 3*j + r + j - 24. Calculate i(3).
-4
Let x(c) = -133470 + 44495 + 44489 - 6*c + 44487. Let u be 3/9 + 4/6. What is x(u)?
-5
Let i(a) = -a**2 - 7*a + 1. Let p(z) = -8*z - 6. Let f be p(-3). Suppose b - f + 24 = 0. Determine i(b).
7
Suppose -540*t = -493*t - 177 - 199. Let u(b) = 6*b - 6. Let p(o) = -7*o + 6. Let s(c) = 5*p(c) + 6*u(c). Give s(t).
2
Let z(k) be the first derivative of -3*k**2/2 + 2*k - 1103. Determine z(-3).
11
Let b be (-3)/(6/7 + 18/(-14)). Let n(q) = q**2 + 3*q + 1. Calculate n(b).
71
Let t(a) = -a**2 + 10*a + 17. Let g be (-11 - -2 - -2)*(-3 - (-598)/182). Give t(g).
-7
Let o(n) = -11*n + 2 + 11 + 6*n. Let c be 682/310 + (-2)/10. What is o(c)?
3
Suppose -4*g - 26 = -14. Let w(a) = 4*a**2 + 6*a**2 + 3*a + 4*a**2 + 6 - 4*a**2. Let q(b) = 3*b**2 + b + 2. Let f(c) = -7*q(c) + 2*w(c). Give f(g).
-8
Let g(h) be the second derivative of -h**7/2520 - 7*h**6/720 - 7*h**5/120 - h**4/6 - 9*h**2 - 71*h. Let w(v) be the third derivative of g(v). Give w(-7).
-7
Let j = 11311 - 11318. Let p(m) = m**3 + 7*m**2 + m + 20. Determine p(j).
13
Let g(w) = -7*w**2 - 4372*w + 48 + 4370*w - 47. What is g(1)?
-8
Let x = -3189 - -3189. Let z(f) = f - 4. Suppose 3*k + 0 + 8 = -p, -4*p + k = 6. Let t(m) = -2*m + 3. Let q(n) = p*t(n) - 3*z(n). Calculate q(x).
6
Let r(l) = l**3 - 8*l**2 - 33*l. Suppose -h + 7*h + 21*h + 81 = 0. Determine r(h).
0
Let m(a) be the first derivative of -a**4/4 - 10*a**3/3 + 6*a**2 - 9*a + 1. Let z be m(-11). Let s be (-2)/(-30)*(-3 + 9)*z. Let x(g) = -g - 15. Calculate x(s).
-7
Let l(w) be the second derivative of w**3/6 + 47*w**2/2 - 4392*w. What is l(-23)?
24
Let x(k) = 2*k - k - 196 + 194. Let g(r) = 8*r - 12. Let l(n) = 3*g(n) - 21*x(n). Let f = -71 - -67. Give l(f).
-6
Suppose -1 - 7 = -4*u. Let g(n) = -11*n - 28 - 2 - 8 + 37. Determine g(u).
-23
Let w = -170923/24 - -7122. Let m(p) be the third derivative of 1/60*p**5 + 0*p - 1/6*p**3 + 7*p**2 - w*p**4 + 0. What is m(4)?
-5
Let y(v) be the second derivative of v**4/12 - v**3/3 + v**2/2 - 54*v. Let u(c) = -c**2 - 11*c + 3. Let q be u(-11). What is y(q)?
4
Suppose 0 = 3*q + 50 - 38. Let b(n) = 23*n**3 - 1. Let t(x) = -25*x**3 + 1. Let l(c) = q*t(c) - 5*b(c). What is l(1)?
-14
Let v(y) be the first derivative of -y**5/30 + 7*y**4/12 + 31*y**3/3 - 33. Let b(u) be the third derivative of v(u). Calculate b(4).
-2
Let p(a) = -2*a**2 + 65*a - 39. Let j = -28160 + 28192. Determine p(j).
-7
Let s(m) be the second derivative of -m**7/168 + m**6/720 - m**5/120 - 37*m**4/3 + 90*m. Let i(b) be the third derivative of s(b). Calculate i(1).
-15
Let p(b) = -109*b**2 + 2*b - 109. Let r(s) = 109*s**2 - 2*s + 87. Let t(d) = -4*p(d) - 5*r(d). Determine t(-1).
-110
Let x(u) = u**3 + 10*u - 1. Suppose 3 - 1 = h. Let b(i) = i**2 - 11*i - h*i**2 + 14*i**3 - 7*i**3 - 8*i**3. Let r(v) = -5*b(v) - 6*x(v). Calculate r(4).
2
Suppose -36 - 9 = -5*n + 2*p, -4*p = 3*n - 27. Let k(g) = g**3 - 8*g**2 - 12*g + 21. What is k(n)?
-6
Let c(p) = -p**2 - 4*p - 4. Suppose 27*x + 63 = -6*x + 12*x. Give c(x).
-1
Let y = -426 + 435. Suppose r = 2*q - 3, 2*r - 2*q = -q + y. Let u(i) = -i**3 + 7*i**2 - 3*i + 1. Give u(r).
-20
Let a = 51 - 47. Let w(f) = 5*f**2 + f + 1. Let x(v) = v**2 + v. Let t be (-1 - -5) + (13 - 13). Let m(h) = t*x(h) - w(h). Give 